{"id":2072,"date":"2023-09-06T09:33:26","date_gmt":"2023-09-06T09:33:26","guid":{"rendered":"https:\/\/www.silviobessone.it\/cena-contaminada-con-cacao\/"},"modified":"2023-12-06T18:21:12","modified_gmt":"2023-12-06T18:21:12","slug":"cena-contaminada-con-cacao","status":"publish","type":"page","link":"https:\/\/www.silviobessone.it\/es\/cena-contaminada-con-cacao\/","title":{"rendered":"Cena contaminada con cacao"},"content":{"rendered":"\t\t<div data-elementor-type=\"wp-page\" data-elementor-id=\"2072\" class=\"elementor elementor-2072 elementor-662\" data-elementor-post-type=\"page\">\n\t\t\t\t\t\t<section class=\"elementor-section elementor-top-section elementor-element elementor-element-0c9c90c elementor-section-boxed elementor-section-height-default elementor-section-height-default\" data-id=\"0c9c90c\" data-element_type=\"section\">\n\t\t\t\t\t\t<div class=\"elementor-container elementor-column-gap-default\">\n\t\t\t\t\t<div class=\"elementor-column elementor-col-100 elementor-top-column elementor-element elementor-element-c5d87dc\" data-id=\"c5d87dc\" data-element_type=\"column\">\n\t\t\t<div class=\"elementor-widget-wrap elementor-element-populated\">\n\t\t\t\t\t\t<div class=\"elementor-element elementor-element-bcf7a91 elementor-widget elementor-widget-spacer\" data-id=\"bcf7a91\" data-element_type=\"widget\" data-widget_type=\"spacer.default\">\n\t\t\t\t<div class=\"elementor-widget-container\">\n\t\t\t\t\t\t\t<div class=\"elementor-spacer\">\n\t\t\t<div class=\"elementor-spacer-inner\"><\/div>\n\t\t<\/div>\n\t\t\t\t\t\t<\/div>\n\t\t\t\t<\/div>\n\t\t\t\t\t<\/div>\n\t\t<\/div>\n\t\t\t\t\t<\/div>\n\t\t<\/section>\n\t\t\t\t<section class=\"elementor-section elementor-top-section elementor-element elementor-element-72dc88b elementor-section-boxed elementor-section-height-default elementor-section-height-default\" data-id=\"72dc88b\" data-element_type=\"section\">\n\t\t\t\t\t\t<div class=\"elementor-container elementor-column-gap-default\">\n\t\t\t\t\t<div class=\"elementor-column elementor-col-100 elementor-top-column elementor-element elementor-element-9a3a857\" data-id=\"9a3a857\" data-element_type=\"column\" data-settings=\"{&quot;background_background&quot;:&quot;classic&quot;}\">\n\t\t\t<div class=\"elementor-widget-wrap elementor-element-populated\">\n\t\t\t\t\t\t<div class=\"elementor-element elementor-element-a49c6e3 elementor-widget elementor-widget-spacer\" data-id=\"a49c6e3\" data-element_type=\"widget\" data-widget_type=\"spacer.default\">\n\t\t\t\t<div class=\"elementor-widget-container\">\n\t\t\t\t\t\t\t<div class=\"elementor-spacer\">\n\t\t\t<div class=\"elementor-spacer-inner\"><\/div>\n\t\t<\/div>\n\t\t\t\t\t\t<\/div>\n\t\t\t\t<\/div>\n\t\t\t\t<div class=\"elementor-element elementor-element-387a9d2 elementor-widget elementor-widget-heading\" data-id=\"387a9d2\" data-element_type=\"widget\" data-widget_type=\"heading.default\">\n\t\t\t\t<div class=\"elementor-widget-container\">\n\t\t\t\t\t<h2 class=\"elementor-heading-title elementor-size-default\">Cena sobre la contaminaci\u00f3n del cacao<\/h2>\t\t\t\t<\/div>\n\t\t\t\t<\/div>\n\t\t\t\t<div class=\"elementor-element elementor-element-c78fe84 elementor-widget elementor-widget-text-editor\" data-id=\"c78fe84\" data-element_type=\"widget\" data-widget_type=\"text-editor.default\">\n\t\t\t\t<div class=\"elementor-widget-container\">\n\t\t\t\t\t\t\t\t\t<p>Es posible experimentar las emociones culinarias de la posada del chocolate incluso sin pernoctar, as\u00ed que aqu\u00ed tiene nuestra propuesta chocolatera.<\/p>\n<p>Nuestros Men\u00fas Emocionales han sido dise\u00f1ados por el Chef Silvio Bessone para permitirle disfrutar de nuestros mejores platos a un precio ventajoso.<\/p>\n<p>Con cada plato se servir\u00e1 una copa de los mejores vinos piamonteses, escogidos de las bodegas de productores nobles que no est\u00e1n blasonados pero tienen una tradici\u00f3n extraordinaria, elegidos para usted por Mery Vinai bessone.<\/p>\n<ul>\n<li>Aperitivo con verduritas fritas a la piamontesa salteadas en manteca de cacao  <\/li>\n<li>Aperitivo Tavolozza al cacao<\/li>\n<li>Primo Tagliolini Tricolori con setas porcini, amasados con cacao<\/li>\n<li>Segunda Battuta alla Bessone en Bellavista<\/li>\n<li>Tarta dulce de fondant<\/li>\n<li>Degustaci\u00f3n de tres chocolates<\/li>\n<li>Caf\u00e9<\/li>\n<li>Bebidas por copa incluidas: Roero Arneis DOC, Dolcetto d&#8217;Alba DOC, Barolo DOCG, Moscato d&#8217;Asti DOCG o similar<\/li>\n<\/ul>\n<p>El paquete incluye las siguientes actividades:<\/p>\n<ul>\n<li>*Curso de pasteler\u00eda &#8211; h 18; Se har\u00e1 una magdalena de chocolate negro que se comer\u00e1 en la cena. Entrega del diploma y de la receta<\/li>\n<li>Visita al Museo del Chocolate con degustaci\u00f3n del d\u00eda &#8211; 19 h para la cena, 11 h para el almuerzo<\/li>\n<li><a href=\"https:\/\/shop.silviobessone.it\/it\/cioccolocanda-shop\/98-contaminazioni-di-cacao.html?search_query=cena&amp;results=7\">https:\/\/shop.silviobessone.it\/it\/cioccolocanda-shop\/98-contaminazioni-di-cacao.html?search_query=cena&amp;results=7<\/a><\/li>\n<\/ul>\n\t\t\t\t\t\t\t\t<\/div>\n\t\t\t\t<\/div>\n\t\t\t\t<div class=\"elementor-element elementor-element-4a3d321 elementor-widget elementor-widget-image\" data-id=\"4a3d321\" data-element_type=\"widget\" data-widget_type=\"image.default\">\n\t\t\t\t<div class=\"elementor-widget-container\">\n\t\t\t\t\t\t\t\t\t\t\t\t\t\t\t<img fetchpriority=\"high\" decoding=\"async\" width=\"800\" height=\"534\" src=\"https:\/\/www.silviobessone.it\/wp-content\/uploads\/2023\/09\/2014010878.jpeg\" class=\"attachment-large size-large wp-image-1437\" alt=\"\" srcset=\"https:\/\/www.silviobessone.it\/wp-content\/uploads\/2023\/09\/2014010878.jpeg 1024w, https:\/\/www.silviobessone.it\/wp-content\/uploads\/2023\/09\/2014010878-300x200.jpeg 300w, https:\/\/www.silviobessone.it\/wp-content\/uploads\/2023\/09\/2014010878-768x512.jpeg 768w\" sizes=\"(max-width: 800px) 100vw, 800px\" \/>\t\t\t\t\t\t\t\t\t\t\t\t\t\t\t<\/div>\n\t\t\t\t<\/div>\n\t\t\t\t<div class=\"elementor-element elementor-element-b017b31 elementor-widget elementor-widget-text-editor\" data-id=\"b017b31\" data-element_type=\"widget\" data-widget_type=\"text-editor.default\">\n\t\t\t\t<div class=\"elementor-widget-container\">\n\t\t\t\t\t\t\t\t\t<p>*El curso de pasteler\u00eda se ofrece en el paquete &#8216;CC&#8217; pero no siempre est\u00e1 disponible, ser\u00e1 impartido por Silvio o Siria Bessone.<\/p>\n\t\t\t\t\t\t\t\t<\/div>\n\t\t\t\t<\/div>\n\t\t\t\t<div class=\"elementor-element elementor-element-ac1fd92 elementor-widget elementor-widget-spacer\" data-id=\"ac1fd92\" data-element_type=\"widget\" data-widget_type=\"spacer.default\">\n\t\t\t\t<div class=\"elementor-widget-container\">\n\t\t\t\t\t\t\t<div class=\"elementor-spacer\">\n\t\t\t<div class=\"elementor-spacer-inner\"><\/div>\n\t\t<\/div>\n\t\t\t\t\t\t<\/div>\n\t\t\t\t<\/div>\n\t\t\t\t\t<\/div>\n\t\t<\/div>\n\t\t\t\t\t<\/div>\n\t\t<\/section>\n\t\t\t\t<section class=\"elementor-section elementor-top-section elementor-element elementor-element-0d7dd1f elementor-section-boxed elementor-section-height-default elementor-section-height-default\" data-id=\"0d7dd1f\" data-element_type=\"section\">\n\t\t\t\t\t\t<div class=\"elementor-container elementor-column-gap-default\">\n\t\t\t\t\t<div class=\"elementor-column elementor-col-100 elementor-top-column elementor-element elementor-element-afacb07\" data-id=\"afacb07\" data-element_type=\"column\">\n\t\t\t<div class=\"elementor-widget-wrap elementor-element-populated\">\n\t\t\t\t\t\t<div class=\"elementor-element elementor-element-bc4cfd0 elementor-widget elementor-widget-spacer\" data-id=\"bc4cfd0\" data-element_type=\"widget\" data-widget_type=\"spacer.default\">\n\t\t\t\t<div class=\"elementor-widget-container\">\n\t\t\t\t\t\t\t<div class=\"elementor-spacer\">\n\t\t\t<div class=\"elementor-spacer-inner\"><\/div>\n\t\t<\/div>\n\t\t\t\t\t\t<\/div>\n\t\t\t\t<\/div>\n\t\t\t\t\t<\/div>\n\t\t<\/div>\n\t\t\t\t\t<\/div>\n\t\t<\/section>\n\t\t\t\t<\/div>\n\t\t","protected":false},"excerpt":{"rendered":"<p>Cena sobre la contaminaci\u00f3n del cacao Es posible experimentar las emociones culinarias de la posada del chocolate incluso sin pernoctar, as\u00ed que aqu\u00ed tiene nuestra propuesta chocolatera. Nuestros Men\u00fas Emocionales han sido dise\u00f1ados por el Chef Silvio Bessone para permitirle disfrutar de nuestros mejores platos a un precio ventajoso. Con cada plato se servir\u00e1 una [&hellip;]<\/p>\n","protected":false},"author":1,"featured_media":0,"parent":0,"menu_order":0,"comment_status":"closed","ping_status":"closed","template":"","meta":{"footnotes":""},"_links":{"self":[{"href":"https:\/\/www.silviobessone.it\/es\/wp-json\/wp\/v2\/pages\/2072"}],"collection":[{"href":"https:\/\/www.silviobessone.it\/es\/wp-json\/wp\/v2\/pages"}],"about":[{"href":"https:\/\/www.silviobessone.it\/es\/wp-json\/wp\/v2\/types\/page"}],"author":[{"embeddable":true,"href":"https:\/\/www.silviobessone.it\/es\/wp-json\/wp\/v2\/users\/1"}],"replies":[{"embeddable":true,"href":"https:\/\/www.silviobessone.it\/es\/wp-json\/wp\/v2\/comments?post=2072"}],"version-history":[{"count":5,"href":"https:\/\/www.silviobessone.it\/es\/wp-json\/wp\/v2\/pages\/2072\/revisions"}],"predecessor-version":[{"id":2563,"href":"https:\/\/www.silviobessone.it\/es\/wp-json\/wp\/v2\/pages\/2072\/revisions\/2563"}],"wp:attachment":[{"href":"https:\/\/www.silviobessone.it\/es\/wp-json\/wp\/v2\/media?parent=2072"}],"curies":[{"name":"wp","href":"https:\/\/api.w.org\/{rel}","templated":true}]}}

<div data-elementor-type="wp-page" data-elementor-id="2072" class="elementor elementor-2072 elementor-662" data-elementor-post-type="page">
						<section class="elementor-section elementor-top-section elementor-element elementor-element-0c9c90c elementor-section-boxed elementor-section-height-default elementor-section-height-default" data-id="0c9c90c" data-element_type="section">
						<div class="elementor-container elementor-column-gap-default">
					<div class="elementor-column elementor-col-100 elementor-top-column elementor-element elementor-element-c5d87dc" data-id="c5d87dc" data-element_type="column">
			<div class="elementor-widget-wrap elementor-element-populated">
						<div class="elementor-element elementor-element-bcf7a91 elementor-widget elementor-widget-spacer" data-id="bcf7a91" data-element_type="widget" data-widget_type="spacer.default">
				<div class="elementor-widget-container">
							<div class="elementor-spacer">
			<div class="elementor-spacer-inner"></div>
		</div>
						</div>
				</div>
					</div>
		</div>
					</div>
		</section>
				<section class="elementor-section elementor-top-section elementor-element elementor-element-72dc88b elementor-section-boxed elementor-section-height-default elementor-section-height-default" data-id="72dc88b" data-element_type="section">
						<div class="elementor-container elementor-column-gap-default">
					<div class="elementor-column elementor-col-100 elementor-top-column elementor-element elementor-element-9a3a857" data-id="9a3a857" data-element_type="column" data-settings="{&quot;background_background&quot;:&quot;classic&quot;}">
			<div class="elementor-widget-wrap elementor-element-populated">
						<div class="elementor-element elementor-element-a49c6e3 elementor-widget elementor-widget-spacer" data-id="a49c6e3" data-element_type="widget" data-widget_type="spacer.default">
				<div class="elementor-widget-container">
							<div class="elementor-spacer">
			<div class="elementor-spacer-inner"></div>
		</div>
						</div>
				</div>
				<div class="elementor-element elementor-element-387a9d2 elementor-widget elementor-widget-heading" data-id="387a9d2" data-element_type="widget" data-widget_type="heading.default">
				<div class="elementor-widget-container">
					<h2 class="elementor-heading-title elementor-size-default">Cena sobre la contaminación del cacao</h2>				</div>
				</div>
				<div class="elementor-element elementor-element-c78fe84 elementor-widget elementor-widget-text-editor" data-id="c78fe84" data-element_type="widget" data-widget_type="text-editor.default">
				<div class="elementor-widget-container">
									<p>Es posible experimentar las emociones culinarias de la posada del chocolate incluso sin pernoctar, así que aquí tiene nuestra propuesta chocolatera.</p>
<p>Nuestros Menús Emocionales han sido diseñados por el Chef Silvio Bessone para permitirle disfrutar de nuestros mejores platos a un precio ventajoso.</p>
<p>Con cada plato se servirá una copa de los mejores vinos piamonteses, escogidos de las bodegas de productores nobles que no están blasonados pero tienen una tradición extraordinaria, elegidos para usted por Mery Vinai bessone.</p>
<ul>
<li>Aperitivo con verduritas fritas a la piamontesa salteadas en manteca de cacao  </li>
<li>Aperitivo Tavolozza al cacao</li>
<li>Primo Tagliolini Tricolori con setas porcini, amasados con cacao</li>
<li>Segunda Battuta alla Bessone en Bellavista</li>
<li>Tarta dulce de fondant</li>
<li>Degustación de tres chocolates</li>
<li>Café</li>
<li>Bebidas por copa incluidas: Roero Arneis DOC, Dolcetto d&#8217;Alba DOC, Barolo DOCG, Moscato d&#8217;Asti DOCG o similar</li>
</ul>
<p>El paquete incluye las siguientes actividades:</p>
<ul>
<li>*Curso de pastelería &#8211; h 18; Se hará una magdalena de chocolate negro que se comerá en la cena. Entrega del diploma y de la receta</li>
<li>Visita al Museo del Chocolate con degustación del día &#8211; 19 h para la cena, 11 h para el almuerzo</li>
<li><a href="https://shop.silviobessone.it/it/cioccolocanda-shop/98-contaminazioni-di-cacao.html?search_query=cena&amp;results=7">https://shop.silviobessone.it/it/cioccolocanda-shop/98-contaminazioni-di-cacao.html?search_query=cena&amp;results=7</a></li>
</ul>
								</div>
				</div>
				<div class="elementor-element elementor-element-4a3d321 elementor-widget elementor-widget-image" data-id="4a3d321" data-element_type="widget" data-widget_type="image.default">
				<div class="elementor-widget-container">
															<img fetchpriority="high" decoding="async" width="800" height="534" src="https://www.silviobessone.it/wp-content/uploads/2023/09/2014010878.jpeg" class="attachment-large size-large wp-image-1437" alt="" srcset="https://www.silviobessone.it/wp-content/uploads/2023/09/2014010878.jpeg 1024w, https://www.silviobessone.it/wp-content/uploads/2023/09/2014010878-300x200.jpeg 300w, https://www.silviobessone.it/wp-content/uploads/2023/09/2014010878-768x512.jpeg 768w" sizes="(max-width: 800px) 100vw, 800px" />															</div>
				</div>
				<div class="elementor-element elementor-element-b017b31 elementor-widget elementor-widget-text-editor" data-id="b017b31" data-element_type="widget" data-widget_type="text-editor.default">
				<div class="elementor-widget-container">
									<p>*El curso de pastelería se ofrece en el paquete &#8216;CC&#8217; pero no siempre está disponible, será impartido por Silvio o Siria Bessone.</p>
								</div>
				</div>
				<div class="elementor-element elementor-element-ac1fd92 elementor-widget elementor-widget-spacer" data-id="ac1fd92" data-element_type="widget" data-widget_type="spacer.default">
				<div class="elementor-widget-container">
							<div class="elementor-spacer">
			<div class="elementor-spacer-inner"></div>
		</div>
						</div>
				</div>
					</div>
		</div>
					</div>
		</section>
				<section class="elementor-section elementor-top-section elementor-element elementor-element-0d7dd1f elementor-section-boxed elementor-section-height-default elementor-section-height-default" data-id="0d7dd1f" data-element_type="section">
						<div class="elementor-container elementor-column-gap-default">
					<div class="elementor-column elementor-col-100 elementor-top-column elementor-element elementor-element-afacb07" data-id="afacb07" data-element_type="column">
			<div class="elementor-widget-wrap elementor-element-populated">
						<div class="elementor-element elementor-element-bc4cfd0 elementor-widget elementor-widget-spacer" data-id="bc4cfd0" data-element_type="widget" data-widget_type="spacer.default">
				<div class="elementor-widget-container">
							<div class="elementor-spacer">
			<div class="elementor-spacer-inner"></div>
		</div>
						</div>
				</div>
					</div>
		</div>
					</div>
		</section>
				</div>

<p>Cena sobre la contaminación del cacao Es posible experimentar las emociones culinarias de la posada del chocolate incluso sin pernoctar, así que aquí tiene nuestra propuesta chocolatera. Nuestros Menús Emocionales han sido diseñados por el Chef Silvio Bessone para permitirle disfrutar de nuestros mejores platos a un precio ventajoso. Con cada plato se servirá una [&hellip;]</p>
